{"id":153,"date":"2017-11-03T06:00:24","date_gmt":"2017-11-03T04:00:24","guid":{"rendered":"http:\/\/rrc.schliersee.de\/wordpress\/?page_id=153"},"modified":"2017-11-03T17:46:12","modified_gmt":"2017-11-03T15:46:12","slug":"projekt-rodelbahn-schliersee","status":"publish","type":"page","link":"https:\/\/rrc-schliersee.com\/wordpress\/rrc-schliersee-e-v\/projekt-rodelbahn-schliersee\/","title":{"rendered":"Projekt Rodelbahn Schliersee"},"content":{"rendered":"<h2>Schliersee<\/h2>\n<figure id=\"attachment_3541\" aria-describedby=\"caption-attachment-3541\" style=\"width: 300px\" class=\"wp-caption alignright\"><a href=\"http:\/\/rrc-schliersee.de\/wordpress\/wp-content\/uploads\/2017\/11\/Schliersee.jpg\"><img loading=\"lazy\" decoding=\"async\" class=\"wp-image-3541 size-medium\" src=\"http:\/\/rrc-schliersee.de\/wordpress\/wp-content\/uploads\/2017\/11\/Schliersee-300x169.jpg\" alt=\"\" width=\"300\" height=\"169\" srcset=\"https:\/\/rrc-schliersee.com\/wordpress\/wp-content\/uploads\/2017\/11\/Schliersee-300x169.jpg 300w, https:\/\/rrc-schliersee.com\/wordpress\/wp-content\/uploads\/2017\/11\/Schliersee-1024x576.jpg 1024w, https:\/\/rrc-schliersee.com\/wordpress\/wp-content\/uploads\/2017\/11\/Schliersee-768x432.jpg 768w, https:\/\/rrc-schliersee.com\/wordpress\/wp-content\/uploads\/2017\/11\/Schliersee-1536x864.jpg 1536w, https:\/\/rrc-schliersee.com\/wordpress\/wp-content\/uploads\/2017\/11\/Schliersee.jpg 1920w\" sizes=\"auto, (max-width: 300px) 100vw, 300px\" \/><\/a><figcaption id=\"caption-attachment-3541\" class=\"wp-caption-text\"><sup>Quelle: schliersee.de<\/sup><\/figcaption><\/figure>\n<p>Lang ist es her, da wurde in Schliersee im Winter auf einer professionell errichteten und vereisten Rodelbahn gerodelt und Rennen wurden ausgetragen. Doch die Winter wurden immer w\u00e4rmer und k\u00fcrzer, so dass sich die Vereisung der Rodelbahn nicht mehr rentierte, hatte man einfach keine K\u00fchlaggregate.<\/p>\n<p>So war man in Folge dessen gezwungen, auf die Rodelbahn in K\u00f6nigssee auszuweichen und die Schlierseer Rodelbahn ganz der Natur zu \u00fcberlassen&#8230;<\/p>\n<p>Ganz? Nein! Jahr f\u00fcr Jahr pilgerten die Schlierseer Rodler zur Rodelbahn, um diese von allerlei Gestr\u00fcpp und dergleichen zu befreien und um dann die Sonnenwende mit einem gro\u00dfen Feuer zu feiern.<\/p>\n<p>Aber wieso die Rodelbahn in Schliersee wieder aufbauen?<\/p>\n<p>Die Rodelbahn in K\u00f6nigssee ist als Weltmeisterschaftsbahn f\u00fcr Rodel, Skeleton und Bob in einem Ma\u00dfe \u00fcberbelastet, dass f\u00fcr die Jugend kaum noch Trainingszeiten \u00fcbrigbleiben. Ferner muss die Bahn neuerdings auch wirtschaftlich arbeiten, was zur Folge hat, dass der Jugend weitere Trainingszeiten gestrichen wurden, damit mehr bezahlende Touristen die Bahn nutzen k\u00f6nnen. So kommt der RRC Schliersee auf&nbsp; durchschnittlich 15 &#8211; 20 Trainingseinheiten \u00e0 4 Abfahrten im Jahr. Man stelle sich einen Skiclub mit solch einer Trainingsm\u00f6glichkeit vor.<\/p>\n<p>Was h\u00e4tte die Gemeinde Schliersee von solch einer Bahn?<br \/>\nSelbst eine Sprintrodelbahn erm\u00f6glicht Weltmeisterschaften im Juniorenbereich. Und da die Teilnehmer und Betreuer auch irgendwo unterkommen m\u00fcssten, w\u00fcrde dies eine positive Auswirkung f\u00fcr den kompletten Fremdenverkehrs- und Gastst\u00e4ttensektor bedeuten.<br \/>\nAuch h\u00e4tte Schliersee damit eine Attraktion mehr zu bieten, um noch mehr Touristen anzuziehen.<\/p>\n<hr>\n<h2 class=\"id-Article-headline \">Leader-Bescheid da: Machbarkeitsstudie gesichert<\/h2>\n<p><sup>Be, 30.09.2016.<\/sup><\/p>\n<p><sup>Quellenangabe: Miesbacher Merkur v. 27.09.2016, mit freundlicher Genehmigung des Autors<br \/>\n<\/sup><\/p>\n<p><a href=\"http:\/\/www.merkur.de\/lokales\/region-miesbach\/schliersee\/rodelbahn-schliersee-leader-bescheid-machbarkeitsstudie-gesichert-6790336.html\" target=\"_blank\" rel=\"attachment wp-att-2011 noopener\"><img loading=\"lazy\" decoding=\"async\" class=\"alignleft wp-image-2011 size-medium\" src=\"http:\/\/rrc-schliersee.de\/wordpress\/wp-content\/uploads\/2016\/08\/Leader-Bescheid-ist-da-291x300.jpg\" alt=\"leader-bescheid-ist-da\" width=\"291\" height=\"300\" srcset=\"https:\/\/rrc-schliersee.com\/wordpress\/wp-content\/uploads\/2016\/08\/Leader-Bescheid-ist-da-291x300.jpg 291w, https:\/\/rrc-schliersee.com\/wordpress\/wp-content\/uploads\/2016\/08\/Leader-Bescheid-ist-da-994x1024.jpg 994w, https:\/\/rrc-schliersee.com\/wordpress\/wp-content\/uploads\/2016\/08\/Leader-Bescheid-ist-da-768x791.jpg 768w, https:\/\/rrc-schliersee.com\/wordpress\/wp-content\/uploads\/2016\/08\/Leader-Bescheid-ist-da.jpg 1154w\" sizes=\"auto, (max-width: 291px) 100vw, 291px\" \/><\/a><\/p>\n<h2>&nbsp;<\/h2>\n<h2>&nbsp;<\/h2>\n<h2>&nbsp;<\/h2>\n<h2>&nbsp;<\/h2>\n<h2>&nbsp;<\/h2>\n<p>Das Ziel haben Karl-Heinz Manhart und Hermann M\u00fcller vom RRC Schliersee schon seit rund 20 Jahren vor Augen. Jetzt sind die beiden mit ihren Pl\u00e4nen f\u00fcr die Kunsteisrodelbahn am Hennerer ein St\u00fcck weitergekommen. Vor zwei Jahren hatten sie eine F\u00f6rderung aus dem EU-F\u00f6rdertopf Leader f\u00fcr ein Machbarkeits-Studie beantragt. Nun halten die ehemaligen Weltklasse-Rodler den Bewilligungsbescheid in H\u00e4nden. Wie berichtet hatten sich M\u00fcller und Manhart an einer Formulierung im Vorbescheid gest\u00f6rt und ihren Antrag zwischendurch auf Eis gelegt. Das ist jetzt vorbei.<\/p>\n<div>&nbsp;Die heruntergekommene Natureisrodelbahn am Hennerer soll eine Kunsteisbahn werden. So weit, so gut. Im Vorbescheid der F\u00f6rderung des Leader-Programms stand aber, dass kein rechtlicher Anspruch auf den Zuschuss bestehe und dass der Verein unter gewissen Umst\u00e4nden die vollen Kosten h\u00e4tte tragen m\u00fcssen.<\/div>\n<p>Zweiter RRC-Vorsitzender M\u00fcller sagt: \u201eWir sind daf\u00fcr verantwortlich, was mit dem Vereinsgeld passiert.\u201c Deshalb hatten die beiden Vision\u00e4re die weiteren Schritte erstmal zur\u00fcckgestellt, bis der endg\u00fcltige Bescheid vorlag. Von Ablehnung sei aber nie die Rede gewesen, bekr\u00e4ftigt M\u00fcller. Veranschlagt ist die Machbarkeitsstudie mit rund 33 600 Euro, die H\u00e4lfte wird gef\u00f6rdert. \u201eAls kleiner Verein ist das eben ein hoher Betrag f\u00fcr uns\u201c, erkl\u00e4rt M\u00fcller.<\/p>\n<p>Die Bremse ist gel\u00f6st, \u201ejetzt k\u00f6nnen wir uns mit dem Planungsb\u00fcro abstimmen\u201c, freut sich M\u00fcller. Die Machbarkeitsstudie ist unverzichtbare Voraussetzung f\u00fcr die weiteren Schritte \u2013 etwa einen Businessplan. Ohne einen solchen wiederum braucht der RRC erst gar nicht bei potenziellen Geldgebern vorstellig werden. Und Geld wird viel ben\u00f6tigt. Die Gesamtkosten sch\u00e4tzen M\u00fcller und Manhart &nbsp;auf grob zehn Millionen Euro.<\/p>\n<p>&nbsp;Projekte dieser Gr\u00f6\u00dfenordnung brauchen halt Zeit.<\/p>\n<div id=\"id-Container-376616\" class=\"id-Container id-Container--hasNoHeadline\">\n<div class=\"id-Container-content\">\n<div class=\"id-LB id-LB--XL2 \">\n<div class=\"id-LB-e--XL6_0c \">\n<div class=\"id-Author id-Author--hasImage\">\n<p><img decoding=\"async\" class=\"id-Author-el id-Author-image\" src=\"https:\/\/lh3.googleusercontent.com\/-wr0Ep32H1jQ\/AAAAAAAAAAI\/AAAAAAAAABE\/EWv5cpeTXBM\/s120-c\/photo.jpg\" alt=\"Nina Probst\"><\/p>\n<p class=\"id-Author-el id-Author-name\">Nina Probst<\/p>\n<p class=\"id-Author-el id-Author-email\"><span class=\"id-Author-email-caption\">E-Mail:<\/span><a class=\"id-Author-email-link\" title=\"E-Mail an Nina.Probst@miesbacher-merkur.de\" href=\"mailto:Nina.Probst@miesbacher-merkur.de\" target=\"_blank\" rel=\"nofollow noopener\">Nina.Probst@miesbacher-merkur.de<\/a><\/p>\n<hr>\n<p><time class=\"id-DateTime \" datetime=\"2017-08-22T14:34\">&nbsp;<\/time><\/p>\n<\/div>\n<h2 class=\"id-Article-headline \">Schritt f\u00fcr Schritt: Bei der Rodelbahn in Schliersee tut sich was<\/h2>\n<h5><a href=\"https:\/\/www.merkur.de\/lokales\/region-miesbach\/schliersee-ort29415\/projekte-mit-leader-foerderung-rodelbahn-in-schliersee-8615060.html\" target=\"_blank\" rel=\"noopener\">Miesbacher Merkur, <time datetime=\"2017-08-22T14:34\">22.08.17<\/time><\/a><\/h5>\n<p>Die Rodelbahn am Hennerer in Schliersee ist noch nicht abgeschrieben. Das Leader-gef\u00f6rderte Projekt kommt voran. Andere Projekte im Landkreis sind bereits abgeschlossen oder stehen kurz davor.<\/p>\n<\/div>\n<\/div>\n<\/div>\n<\/div>\n<p>Landkreis\u2013 Bald ist es soweit: Ende Oktober wird ein erster Meilenstein in Sachen Leader-F\u00f6rderprojekte erreicht. Bis 31. Oktober m\u00fcssen im Landkreis 500\u2005000 Euro an Einzelprojekten und 150\u2005000 Euro an Kooperationskosten bewilligt sein. Zwar sind noch nicht alle Genehmigungsverfahren abgeschlossen \u2013 doch LAG-Managerin Stephanie Stiller kann bereits ein erstes Fazit ziehen.<\/p>\n<h3 class=\"id-Article-content-item id-Article-content-item-headline\">Gemeinsame Leader-Projekte: Kooperationen mit anderen Regionen<\/h3>\n<p>Was die Kooperationsprojekte mit anderen Regionen angeht, wird der Landkreis nicht an die geforderte Summe herankommen. Stiller sch\u00e4tzt, zum angesetzten Datum bei 140\u2005000 Euro zu liegen. \u201eEs gab noch keine offizielle Stellungnahme, wie man mit dem \u00fcbrigen Geld umgeht\u201c, sagt sie. Stiller wei\u00df, dass die meisten Regionen im S\u00fcden Bayerns die Vorgabe von 150\u2005000 Euro nicht erreichen werden. Meilensteine wie diesen gibt es zum ersten Mal, wohl deshalb ist das Konzept nicht ausgereift.\u201eWir h\u00e4tten schon mehr Gelder losbekommen\u201c, sagt Stiller zu dem nicht erreichten Ziel. Schuld war eine \u00c4nderung der Richtlinien zum Beginn des Jahres. \u201eDabei sind viele Projekte herausgefallen.\u201c Die gravierendste Regelung ist die zum Beihilferecht. Wer ein Projekt startet und damit etwas Gutes f\u00fcr andere tut, beispielsweise f\u00fcr Vereinsmitglieder, der bekommt daf\u00fcr keine Leader-F\u00f6rderung. Stiller wei\u00df auch von anderen Kollegen: \u201eDas ist ein Riesen-Problem f\u00fcr Leader in Bayern.\u201c Dennoch konnte der Landkreis bereits einige Kooperationsprojekte mit einer Leader-F\u00f6rderung unterst\u00fctzen:<\/p>\n<p><span class=\"contextmenu emphasis SA203\"><strong>Rodelbahn in Schliersee:<\/strong><\/span><\/p>\n<p><a href=\"http:\/\/rrc-schliersee.de\/wordpress\/wp-content\/uploads\/2015\/09\/1290956411-projekte-mit-leader-foerderung-rodelbahn-in-schliersee-3ZDsje636b.jpg\"><img loading=\"lazy\" decoding=\"async\" class=\"alignnone size-full wp-image-3053\" src=\"http:\/\/rrc-schliersee.de\/wordpress\/wp-content\/uploads\/2015\/09\/1290956411-projekte-mit-leader-foerderung-rodelbahn-in-schliersee-3ZDsje636b.jpg\" alt=\"\" width=\"1536\" height=\"864\" srcset=\"https:\/\/rrc-schliersee.com\/wordpress\/wp-content\/uploads\/2015\/09\/1290956411-projekte-mit-leader-foerderung-rodelbahn-in-schliersee-3ZDsje636b.jpg 1536w, https:\/\/rrc-schliersee.com\/wordpress\/wp-content\/uploads\/2015\/09\/1290956411-projekte-mit-leader-foerderung-rodelbahn-in-schliersee-3ZDsje636b-300x169.jpg 300w, https:\/\/rrc-schliersee.com\/wordpress\/wp-content\/uploads\/2015\/09\/1290956411-projekte-mit-leader-foerderung-rodelbahn-in-schliersee-3ZDsje636b-1024x576.jpg 1024w, https:\/\/rrc-schliersee.com\/wordpress\/wp-content\/uploads\/2015\/09\/1290956411-projekte-mit-leader-foerderung-rodelbahn-in-schliersee-3ZDsje636b-768x432.jpg 768w\" sizes=\"auto, (max-width: 1536px) 100vw, 1536px\" \/><\/a><\/p>\n<p>Schritt f\u00fcr Schritt n\u00e4hert sich der Schlierseer Renn-Rodelclub (RRC) der seit vielen Jahren ersehnten neuen Rodelbahn. Einen Zuschuss f\u00fcr eine Machbarkeitsstudie gibt es von der Leader-F\u00f6rderung (wir berichteten): 16\u2005800 Euro. Damit die erstellt werden kann, wird zun\u00e4chst im Herbst ein geologisches Gutachten gemacht. \u201eDas soll die Beschaffenheit des Berges pr\u00fcfen\u201c, erkl\u00e4rt RRC-Vorsitzender Hermann M\u00fcller jun. In der Zwischenzeit waren die Vereinsmitglieder aber nicht unt\u00e4tig. Im Juli wurde die Holzkonstruktion am Zieleinlauf abgerissen. \u201eMit dem bew\u00e4hrten Team haben wir das an einem Nachmittag geschafft.\u201c Sukzessive werden nun die restlichen Holzbauten abgetragen. Im Fr\u00fchjahr\/Sommer 2018 folgt die Studie, fr\u00fchestens 2019 dann der Neubau. Kleine Schritte, aber immerhin nach vorne.<\/p>\n<p><img decoding=\"async\" class=\"id-Author-el id-Author-image\" src=\"https:\/\/lh3.googleusercontent.com\/-wr0Ep32H1jQ\/AAAAAAAAAAI\/AAAAAAAAABE\/EWv5cpeTXBM\/s120-c\/photo.jpg\" alt=\"Nina Probst\"><\/p>\n<p class=\"id-Author-el id-Author-name\">Nina Probst<\/p>\n<p class=\"id-Author-el id-Author-email\"><span class=\"id-Author-email-caption\">E-Mail:<\/span><a class=\"id-Author-email-link\" title=\"E-Mail an Nina.Probst@miesbacher-merkur.de\" href=\"mailto:Nina.Probst@miesbacher-merkur.de\" target=\"_blank\" rel=\"nofollow noopener\">Nina.Probst@miesbacher-merkur.de<\/a><\/p>\n<div id=\"id-Container-376616\" class=\"id-Container id-Container--hasNoHeadline\">\n<div class=\"id-Container-content\">\n<div class=\"id-LB id-LB--XL2 \">\n<div class=\"id-LB-e--XL6_0c \">\n<div class=\"id-Author id-Author--hasImage\">\n<hr>\n<\/div>\n<\/div>\n<\/div>\n<\/div>\n<\/div>\n<p><a href=\"http:\/\/rrc-schliersee.de\/wordpress\/?page_id=182\">&nbsp;Mehr zur Bahnplanung lesen ..<\/a><span class=\"current\"> [ Projekt Rodelbahn Schliersee II ]<\/span><\/p>\n<p><a href=\"http:\/\/rrc-schliersee.de\/wordpress\/?page_id=182\">.<\/a><\/p>\n<hr>\n<p><strong>Bericht im Miesbacher Merkur&nbsp; \u00fcber den Stand der Planung, 01.08.2015:<br \/>\n<\/strong><\/p>\n<p><img loading=\"lazy\" decoding=\"async\" class=\"alignleft size-full wp-image-1802\" src=\"http:\/\/rrc-schliersee.de\/wordpress\/wp-content\/uploads\/2013\/03\/Merkur-2015_08_01.jpg\" alt=\"Merkur 2015_08_01\" width=\"857\" height=\"668\" srcset=\"https:\/\/rrc-schliersee.com\/wordpress\/wp-content\/uploads\/2013\/03\/Merkur-2015_08_01.jpg 857w, https:\/\/rrc-schliersee.com\/wordpress\/wp-content\/uploads\/2013\/03\/Merkur-2015_08_01-300x234.jpg 300w, https:\/\/rrc-schliersee.com\/wordpress\/wp-content\/uploads\/2013\/03\/Merkur-2015_08_01-768x599.jpg 768w, https:\/\/rrc-schliersee.com\/wordpress\/wp-content\/uploads\/2013\/03\/Merkur-2015_08_01-385x300.jpg 385w\" sizes=\"auto, (max-width: 857px) 100vw, 857px\" \/><br \/>\n<sub>Be, 02.08.2015<\/sub><\/p>\n<hr>\n<p><strong>Thema \u201cKunsteisbahn Schliersee\u201d auf Radio Alpenwelle<\/strong><\/p>\n<p>Dazu brachte Radio Alpenwelle am 27. M\u00e4rz 2013 einen aktuellen Beitrag.<br \/>\nLokalradio-Redakteur Christian J\u00fcstel stellte den Planungsstand im Gespr\u00e4ch mit RRC-Vorstand Manhart dar.<br \/>\nHier k\u00f6nnen Sie den <a href=\"http:\/\/rrc-schliersee.de\/wordpress\/wp-content\/uploads\/2013\/03\/2703_mitschnitt_projekt_eiskanal_schliersee_aw.mp3\" target=\"_blank\" rel=\"noopener\">Sendemitschnitt<\/a> (mp3 Audiodatei 4 MB) mit dem Kurzbeitrag anh\u00f6ren.<\/p>\n<hr>\n<p><strong>Der Miesbacher Merkur hat inzwischen \u00fcber den Stand der Planung berichtet.<br \/>\n&nbsp;<\/strong><br \/>\n<a href=\"http:\/\/rrc-schliersee.de\/wordpress\/wp-content\/uploads\/2012\/10\/Zeitungsbericht_MM_RRCS.jpg\" target=\"_blank\" rel=\"noopener\"><img loading=\"lazy\" decoding=\"async\" class=\"alignnone\" title=\"Zeitungsbericht RRC Bahnplanung Miesbacher Merkur\" src=\"http:\/\/rrc-schliersee.de\/wordpress\/wp-content\/uploads\/2012\/10\/Zeitungsbericht_MM_RRCS_klein.jpg\" alt=\"Zeitungsbericht Miesbacher Merkur\" width=\"601\" height=\"424\"><\/a><\/p>\n<p><a href=\"http:\/\/rrc-schliersee.de\/wordpress\/wp-content\/uploads\/2012\/10\/Zeitungsbericht_MM_RRCS.jpg\" target=\"_blank\" rel=\"noopener\">Artikel lesen&#8230;<\/a><\/p>\n<hr>\n","protected":false},"excerpt":{"rendered":"<p>Schliersee Lang ist es her, da wurde in Schliersee im Winter auf einer professionell errichteten und vereisten Rodelbahn gerodelt und Rennen wurden ausgetragen. Doch die Winter wurden immer w\u00e4rmer und k\u00fcrzer, so dass sich die Vereisung der Rodelbahn nicht mehr rentierte, hatte man einfach keine K\u00fchlaggregate. So war man in Folge dessen gezwungen, auf die Rodelbahn in K\u00f6nigssee auszuweichen und die Schlierseer Rodelbahn ganz der Natur zu \u00fcberlassen&#8230; Ganz? Nein!&hellip;<\/p>\n","protected":false},"author":3,"featured_media":0,"parent":379,"menu_order":0,"comment_status":"open","ping_status":"closed","template":"","meta":{"ngg_post_thumbnail":0,"footnotes":""},"class_list":["post-153","page","type-page","status-publish","hentry"],"_links":{"self":[{"href":"https:\/\/rrc-schliersee.com\/wordpress\/wp-json\/wp\/v2\/pages\/153","targetHints":{"allow":["GET"]}}],"collection":[{"href":"https:\/\/rrc-schliersee.com\/wordpress\/wp-json\/wp\/v2\/pages"}],"about":[{"href":"https:\/\/rrc-schliersee.com\/wordpress\/wp-json\/wp\/v2\/types\/page"}],"author":[{"embeddable":true,"href":"https:\/\/rrc-schliersee.com\/wordpress\/wp-json\/wp\/v2\/users\/3"}],"replies":[{"embeddable":true,"href":"https:\/\/rrc-schliersee.com\/wordpress\/wp-json\/wp\/v2\/comments?post=153"}],"version-history":[{"count":38,"href":"https:\/\/rrc-schliersee.com\/wordpress\/wp-json\/wp\/v2\/pages\/153\/revisions"}],"predecessor-version":[{"id":1801,"href":"https:\/\/rrc-schliersee.com\/wordpress\/wp-json\/wp\/v2\/pages\/153\/revisions\/1801"}],"up":[{"embeddable":true,"href":"https:\/\/rrc-schliersee.com\/wordpress\/wp-json\/wp\/v2\/pages\/379"}],"wp:attachment":[{"href":"https:\/\/rrc-schliersee.com\/wordpress\/wp-json\/wp\/v2\/media?parent=153"}],"curies":[{"name":"wp","href":"https:\/\/api.w.org\/{rel}","templated":true}]}}